02313310?
-102313301
In base 9, what is -66 - 50150?
-50226
In base 6, what is -4 + -113304?
-113312
In base 8, what is 172511 + -31?
172460
In base 10, what is -419 + -182?
-601
In base 5, what is -222 - -21432?
21210
In base 12, what is -2 - 277a?
-2780
In base 2, what is 101010010011001100 + -101?
101010010011000111
In base 9, what is 452714 - -12?
452726
In base 5, what is 42 - 1001134?
-1001042
In base 10, what is -27350 - -4?
-27346
In base 8, what is -1 + -40537?
-40540
In base 16, what is 16 + c1b?
c31
In base 6, what is -5 - -330335?
330330
In base 3, what is 12 + -122110101?
-122110012
In base 3, what is 11 + -2221121221?
-2221121210
In base 8, what is 12471 + -34?
12435
In base 9, what is -2 - 22642?
-22644
In base 4, what is 3 - 201123?
-201120
In base 8, what is -1020 - 46?
-1066
In base 2, what is -10001001001001101 + -1?
-10001001001001110
In base 5, what is 243132 + 30?
243212
In base 16, what is 2 + 10c4?
10c6
In base 5, what is 2 + -3333324?
-3333322
In base 4, what is 203212331 - -1?
203212332
In base 14, what is -a6a + 1c?
-a4c
In base 15, what is 2 - 368c?
-368a
In base 10, what is 938179 - 3?
938176
In base 10, what is -27 - 543?
-570
In base 6, what is 4 + -110024?
-110020
In base 7, what is 23044 + -20?
23024
In base 9, what is -5321 + 60?
-5251
In base 9, what is 375 - 108?
266
In base 10, what is 319 + 6?
325
In base 16, what is -8 + 12ff?
12f7
In base 11, what is 258 - -197?
444
In base 8, what is -1067 + 214?
-653
In base 11, what is 2 - 32846a?
-328468
In base 14, what is -299 - 40?
-2d9
In base 10, what is 2 - -21830?
21832
In base 5, what is 4134 + 31?
4220
In base 10, what is 194 - 1055?
-861
In base 4, what is 2130013 - -3?
2130022
In base 2, what is -10000011011100010 - 1?
-10000011011100011
In base 14, what is 3 - -28875?
28878
In base 15, what is 3 + -691e?
-691b
In base 7, what is 565 + 1065?
1663
In base 12, what is -3 + -b9a31?
-b9a34
In base 7, what is -143141 - -13?
-143125
In base 3, what is -1000120 + 102012?
-121101
In base 6, what is 2550 + -434?
2112
In base 16, what is 5 - 29a2?
-299d
In base 6, what is 142 + 15032?
15214
In base 15, what is 26c38 + -2?
26c36
In base 3, what is -11111201220 - -2111?
-11111122102
In base 15, what is 4 + 13722?
13726
In base 15, what is 8167 + -15?
8152
In base 6, what is -1014 + 15210?
14152
In base 11, what is 44330 - -5?
44335
In base 3, what is -202200002 + -10?
-202200012
In base 7, what is 63650 + -61?
63556
In base 15, what is 24241e + -1?
24241d
In base 16, what is 0 - 458f5?
-458f5
In base 10, what is 566 + 14?
580
In base 16, what is -251f + -1?
-2520
In base 7, what is -4164 - 13?
-4210
In base 10, what is -593 - 60?
-653
In base 3, what is -1000122 - -10101?
-220021
In base 14, what is -5 + -b966?
-b96b
In base 8, what is 0 - 44433?
-44433
In base 2, what is -1000100100101 - 1010000?
-1000101110101
In base 4, what is -10 + -232012202?
-232012212
In base 14, what is -4 - 23228?
-2322c
In base 2, what is 10110110111 + -11010?
10110011101
In base 4, what is -33330203 + -10?
-33330213
In base 2, what is 1111 + 100110111011010011?
100110111011100010
In base 10, what is 4 - 4136?
-4132
In base 16, what is 2 - -5aa5c?
5aa5e
In base 3, what is 1110000101 - -2?
1110000110
In base 11, what is 5 + -3500?
-34a6
In base 6, what is 14 - -212245?
212303
In base 5, what is -131122003 - 4?
-131122012
In base 8, what is -3176055 + -4?
-3176061
In base 4, what is 132012130 - 13?
132012111
In base 12, what is -b3 + 8544?
8451
In base 5, what is 1331121402 + -2?
1331121400
In base 15, what is ed7 - 15?
ec2
In base 2, what is -111110110110110 - 10111001?
-111111001101111
In base 14, what is -6d - -62c?
59d
In base 16, what is f + 78ce?
78dd
In base 3, what is 2 + -1121220212?
-1121220210
In base 7, what is 456 + 153?
642
In base 16, what is fdb1 - 22?
fd8f
In base 8, what is 0 - 405460?
-405460
In base 6, what is 21 + -12505?
-12444
In base 13, what is 5 + -2016?
-2011
In base 10, what is -36 - -962?
926
In base 12, what is 28a3 - 5?
289a
In base 11, what is -a + 2483?
2474
In base 14, what is 57 - a53?
-9da
In base 2, what is 1 - -101001101100001010000?
101001101100001010001
In base 5, what is -21113101 - -1?
-21113100
In base 11, what is 29 - 221?
-1a3
In base 12, what is -1 - -718b?
718a
In base 15, what is 200 - 14?
1db
In base 6, what is -4 - 1302014?
-1302022
In base 16, what is 4ed + -48?
4a5
In base 5, what is -103232411 + -12?
-103232423
In base 14, what is -11bc6 - 27?
-11c0d
In base 15, what is 31880 - -d?
3188d
In base 5, what is 2220302 - -2?
2220304
In base 3, what is -2 - 20000021210?
-20000021212
In base 10, what is -3093 - 48?
-3141
In base 2, what is 1110001000 - -10010011?
10000011011
In base 3, what is -2 + -222120221?
-222121000
In base 8, what is -474672 - 27?
-474721
In base 2, what is -100 - 1010100010001110?
-1010100010010010
In base 8, what is -276 - -174?
-102
In base 12, what is -1 - 64?
-65
In base 3, what is 212221220201 - -1?
212221220202
In base 13, what is 16 - 7854c?
-78536
In base 5, what is 224 + -22232?
-22003
In base 8, what is 3055336 - 0?
3055336
In base 12, what is -2a0 + 235?
-67
In base 15, what is 7 + -3dba9?
-3dba2
In base 8, what is 40144 - 3?
40141
In base 14, what is c + 21b7?
21c5
In base 6, what is -4 - 3251355?
-3251403
In base 7, what is -64 + -405623?
-406020
In base 4, what is 13 - 1002213?
-1002200
In base 2, what is -110011100000111001010 - -10?
-110011100000111001000
In base 6, what is -13002 - -315?
-12243
In base 4, what is -10130133 + -3011?
-10133210
In base 11, what is -4 - -208758?
208754
In base 10, what is 4 + 691?
695
In base 10, what is 267 - -4?
271
In base 16, what is -33fe - -9?
-33f5
In base 11, what is 6302 + -26?
6287
In base 15, what is -27d06 - -9?
-27cec
In base 13, what is 5 - -b8b0?
b8b5
In base 5, what is 10 - 23241421?
-23241411
In base 14, what is -cc2 - 17?
-cd9
In base 4, what is -23 + -121123?
-121212
In base 5, what is -1220 + -2323?
-4043
In base 4, what is 10 + -223130?
-223120
In base 5, what is 440 + 43213?
44203
In base 2, what is -1011010000 - -10010111?
-1000111001
In base 7, what is -25532 + 3?
-25526
In base 3, what is -101200120102 + -11?
-101200120120
In base 15, what is 32237 - 4?
32233
In base 5, what is 121334 + 43?
121432
In base 8, what is 5 - -15502?
15507
In base 13, what is -3 - -3c068?
3c065
In base 15, what is 7 + 10ed?
1105
In base 15, what is c2d3 - -2?
c2d5
In base 9, what is 58262 - 112?
58150
In base 16, what is -13 + -b358?
-b36b
In base 11, what is 733 + 16?
749
In base 5, what is 11 + -311101?
-311040
In base 16, what is 2a62 + a?
2a6c
In base 8, what is -34 - 337?
-373
In base 2, what is -1 + 1010111110000010?
1010111110000001
In base 10, what is -18 - -3271?
3253
In base 16, what is -c - -12e?
122
In base 10, what is 290948 + 5?
290953
In base 12, what is 4563 + 121?
4684
In base 14, what is 0 + -814b0?
-814b0
In base 11, what is -37635 - -2?
-37633
In base 4, what is 11 - -211300012?
211300023
In base 3, what is 12 + -1111101220?
-1111101201
In base 8, what is 1053227 + -5?
1053222
In base 5, what is -2241122 + -30?
-2241202
In base 9, what is -1060 + -3630?
-4700
In base 8, what is 5 + -1716622?
-1716615
In base 16, what is -ee6 - e?
-ef4
In base 16, what is -736 - e5?
-81b
In base 15, what is -32 + 8d?
5b
In base 3, what is -20210 + 2101?
-11102
In base 14, what is 1b86c + -5?
1b867
In base 6, what is -20245 + 5321?
-10524
In base 7, what is -5325235 + -2?
-5325240
In base 2, what is 10110011111010010011 + 110?
10110011111010011001
In base 12, what is -33 - 1a86?
-1ab9
In base 3, what is -1 - -1101222021011?
1101222021010
In base 13, what is 9349c1 + 3?
9349c4
In base 13, what is -1168 - 10?
-1178
In base 2, what is 11101111111101010101 - 1001?
11101111111101001100
In base 5, what is 4 + -10133131?
-10133122
In base 2, what is -1000010 - 1011011011111110?
-1011011101000000
In base 12, what is -29b - 152?
-431
In base 14, what is -d8 - -165?
6b
In base 13, what is 5 + 1455?
145a
In base 6, what is -20400034 - 2?
-20400040
In base 2, what is -11010011010 + 10010110111?
-111100011
In base 14, what is d + -175b?
-174c
In base 9, what is -1321870 - -4?
-1321865
In base 13, what is -86c + -21?
-890
In base 7, what is 5 - 254156?
-254151
In base 13, what is -10